nder when k(-26) is divided by 17?
14
Let d(v) = 2*v**3 - 16*v**2 + 4*v - 344. Calculate the remainder when d(17) is divided by 1640.
6
Let r(v) = -17*v**2 + 3*v - 9. Let i(x) = -6*x**2 + x - 3. Let t(g) = 11*i(g) - 4*r(g). Let q = -3 + 1. What is the remainder when 33 is divided by t(q)?
7
What is the remainder when 409 is divided by ((-5445)/(-121))/(5 - 2 - 2)?
4
Let n(s) = -6*s - 31. What is the remainder when 4/((-816)/(-162) - 5) is divided by n(-6)?
3
Let f = 13717 + -11923. Calculate the remainder when f is divided by 162.
12
Suppose 67*j + v - 806 = 62*j, -3*j - 7*v + 458 = 0. Let t = 0 + 0. Calculate the remainder when j is divided by (-15)/(1 + t - 2).
12
Let b(t) = t**3 - 23*t**2 - 9*t + 711. Calculate the remainder when b(22) is divided by (-3 + 7 + 2)*2.
5
Suppose 3*t + 2*j - 10 = 0, 0 = 5*t - t + 3*j - 14. Let b(x) = 0*x**t - x**3 - 7*x**2 + 2 - 4 - 6*x + 7. What is the remainder when 12 is divided by b(-6)?
2
Suppose -10*i = -34*i + 10437 + 12027. Calculate the remainder when i is divided by 70.
26
Let a = -183 - -151. What is the remainder when 32 is divided by (a/(-12) - 3)*-63?
11
Suppose -4*r = -12, 0*d + 3*d = 5*r + 918. What is the remainder when d is divided by 19?
7
Let n(b) = 87*b**2 - 2*b - 1. Let x be n(-1). Let r = x - 89. What is the remainder when -92*r*9/12 is divided by 12?
9
Let u be -2 - -13 - 152/19. Suppose u*r = 2*p - 407, -9*p - 5*r = -8*p - 184. Calculate the remainder when p is divided by 52.
43
Let l(a) = -2*a**2 + 15*a - 8. Let u = 3944 + -3888. Calculate the remainder when u is divided by l(6).
6
Suppose -15*v + 6087 = -3528. Let o = -587 + v. Calculate the remainder when 321 is divided by o.
51
Let m = 67 + -58. Suppose -15*q + 12*q + 6 = 0. Suppose -n = -q*j + 20 + 39, -5*j + 137 = n. Calculate the remainder when j is divided by m.
1
Let u = -24 - 17. Let y(f) = 5*f**2 + 2843*f - 17223. What is the remainder when 2 - (u + 0 + 1) is divided by y(6)?
12
Suppose -4*a = -12, 231 = -j + 4*j + 4*a. Suppose i - 2*i - 6 = -5*d, -5*d - 3 = -2*i. Calculate the remainder when j is divided by (27/5)/(i/45).
19
Let j be 26/130 - (-2)/(-10). Calculate the remainder when 54 is divided by 4 - (j + 4 + -11).
10
Suppose -19 = -q - m, -6 - 22 = -q - 4*m. Let u = -1800 - -2549. Suppose 0*f = 7*f - u. Calculate the remainder when f is divided by q.
11
Let x(r) = -190*r**3. What is the remainder when x(-1) is divided by 23 - (3 - (-20)/50*10)?
14
Let d be (-8)/(-8) - (-4 - 0). Suppose o = 4*i + 50, -d*o + 4*i + i = -190. Calculate the remainder when o is divided by 20/70 + (164/(-7))/(-2).
10
Let v be (7 - 2) + -2 + 2. Suppose -v*w = -15*w + 20. What is the remainder when ((-16)/6)/((-2)/6) is divided by w?
0
Calculate the remainder when (-22*(1 + -3))/(-117 - -118) is divided by 5.
4
Let k(t) = -t**3 + 6*t**2 - 5*t + 2. Calculate the remainder when k(3) is divided by ((-50)/40)/(4/(-16)).
4
Suppose 0 = -4*v + 8, 0 = 4*w - w - v - 7. Suppose -54 = -w*u + 27. Calculate the remainder when u is divided by (-64)/(-10) + (-2)/5.
3
Let f(g) be the second derivative of g**5/20 - 5*g**4/2 - 31*g**3/6 + 43*g**2/2 - 5*g. What is the remainder when 128 + 0/2 + -2 is divided by f(31)?
40
What is the remainder when (-2)/(24/(-7500)) + -2 is divided by 52?
51
Suppose -4*h + 2*v + 204 = 0, -6*h + 2*h - 4*v = -180. Let l = -743 + 764. What is the remainder when h is divided by l?
7
Suppose 0 = 7*g + 3*g + 20. Calculate the remainder when -2 + (-6 - g) + 119 is divided by 19.
18
Suppose -25 - 21 = -2*c - 5*a, -c + 3*a + 12 = 0. What is the remainder when (-20)/6*5676/(-215) is divided by c?
16
Let u = -71 - 9. Let h = -140 - u. Let a = h + 113. Calculate the remainder when a is divided by 19.
15
What is the remainder when (21/(-84))/(5/(-2360)) is divided by 40?
38
Suppose 0 = -5*k + 25*f - 23*f + 2245, 4*k + 5*f = 1796. Calculate the remainder when 1796 is divided by k.
0
Calculate the remainder when 3486/9*(25 - 805/46) is divided by 100.
5
Suppose 12 + 18 = 2*u. Let j(w) = 39*w**2 + 1754*w - 23. Calculate the remainder when j(-45) is divided by u.
7
Let w = -3595 - -3796. What is the remainder when w is divided by 12?
9
Suppose -697*r + 684*r = -3172. Calculate the remainder when r is divided by 29.
12
Let j(v) = v**3 - 15*v**2 + 18*v - 117. Calculate the remainder when j(16) is divided by 133.
28
Suppose -2*p + 4 = -2. Suppose -3*m + 162 = 3*k - 48, 210 = p*m + k. Suppose -3*o + 9*g = 14*g - 36, g + 12 = o. What is the remainder when m is divided by o?
10
Let u(f) = -1 - 7*f**2 + 2 - 2 - 9*f + 28*f**2 - 2*f**3. Calculate the remainder when u(10) is divided by 3.
0
Suppose -j = 2*j - 213. Calculate the remainder when j is divided by 65/3 + -1 - 72056/27021.
17
Let m(f) = 145*f + 3877. Calculate the remainder when m(-23) is divided by 109.
106
Let d be (-133)/(-49) + (-4)/(-14). Suppose 0 = -d*h + 9*h - 390. Suppose 0 = 16*i - 11*i - h. Calculate the remainder when 25 is divided by i.
12
Suppose -3*t + 1050 = 19*p - 16*p, 3*p = 21. What is the remainder when 4112 is divided by t?
339
Let q(x) = x**2 - 35*x - 1181. Calculate the remainder when q(-41) is divided by 34.
31
Let b(v) = -10*v + 94. Calculate the remainder when b(-2) is divided by 104.
10
Let p = -7 + -8. Calculate the remainder when 78 is divided by (-1 + 3/(p/(-10)))*43.
35
Let z(x) = -x**3 + 10*x**2 + 4*x - 102. Let o(t) = -2*t + 37. Let v be o(14). Calculate the remainder when 83 is divided by z(v).
8
Let j = 26 - -28. Let i(a) = a**3 + 94*a**2 - 288*a + 315. What is the remainder when j is divided by i(-97)?
6
What is the remainder when 1*((44 - -1) + 2) is divided by (18/24)/(9/192)?
15
Suppose -259*z - 5592 - 3528 = -354*z. Calculate the remainder when 919 is divided by z.
55
Let v(x) = -136*x + 1438. Calculate the remainder when 803 is divided by v(10).
23
Let v(w) = 277*w + 2791. What is the remainder when 8540 is divided by v(-10)?
14
Suppose -2*r - 5*c - 102 = -207, 0 = 3*r + 4*c - 140. Suppose 4*l = 6*l - 32. What is the remainder when r is divided by l?
8
Let t = 34 + -34. Suppose -5*o + 6 - 6 = t. What is the remainder when 21 is divided by (o - -2) + 0 - -6?
5
Suppose 3*i + 4807 = 5*y, 14*y - 15*y - 5*i = -939. Suppose 0 = -24*h + y + 505. Calculate the remainder when 116 is divided by h.
55
Suppose -r = -2*r + 78. Let t = 28274 - 28249. What is the remainder when r is divided by t?
3
Let q(u) = -2*u + 1. Let x(c) = c**3 - 18*c**2 - 4*c + 96. Let o be x(18). Calculate the remainder when 8/o + 546/9 is divided by q(-4).
7
Suppose -60*g + 52*g + 1180 = 4*j, 2*j = 3*g - 432. What is the remainder when g is divided by 83?
63
Let h = 69 - 8. Let i(o) = -o**3 + 5*o**2 + 27*o - 119. Calculate the remainder when h is divided by i(5).
13
Suppose -3*t + 5*q + 102 - 76 = 0, -3*t + 2*q = -41. Calculate the remainder when 1222 is divided by t.
15
Let y(a) = 73*a**3 + a**2 - 3*a - 2. Let q be y(2). Calculate the remainder when 285 is divided by (25/3)/(13 - q/45).
60
Let o = -17287 + 17427. Calculate the remainder when 532 is divided by o.
112
Let v(l) = -l + 9. Suppose 2*z - 5*z = s - 1, 0 = 5*s - 20. Let d(p) = -1. Let j(r) = z*d(r) + v(r). Calculate the remainder when 6 is divided by j(9).
0
What is the remainder when 572 is divided by 3468/72 + 24/(-144)?
44
Let c = 5852 + -3805. What is the remainder when c is divided by 82?
79
Suppose -18*l - 84 = -39*l. What is the remainder when 6326 is divided by l?
2
Let j(n) = -n**2 + 21*n - 60. What is the remainder when (-16)/4 + 30 - -1 is divided by j(16)?
7
Suppose 129*v - 929606 = 487791 + 697945. What is the remainder when v is divided by 33?
30
Let s = -147097 + 147143. Suppose 4*l - 311 = 785. What is the remainder when l is divided by s?
44
Let d(i) = 26*i + 142. Calculate the remainder when d(12) is divided by 111.
10
Suppose 4*n = -64 - 44. Suppose 2*x = 3*v - 115, 2*v + 5*x = 6*v - 165. What is the remainder when v is divided by (-1 - -13)*n/(-18)?
17
Let u(t) = 2*t**2 + 16*t + 72. Let h be u(-12). Suppose -176*r + 616 = -h*r. Calculate the remainder when 163 is divided by r.
9
Let x be 6/4*(-9196)/114. Let a = 336 + x. Calculate the remainder when a is divided by 10.
5
What is the remainder when 531 is divided by (-1 + 371 - -16)/2?
145
Suppose 3*j + 44 = 119. Let z = -51 + 83. Let b = 40 + z. What is the remain